6. Let i be q(-7). Suppose 0*a + i = a. What is the tens digit of a?
1
Let a(p) = -p + 8. Let t be a(8). Let y = t - -2. Suppose -y*s - 9 = -3*s. What is the units digit of s?
9
Suppose -3*p = -2*d - 412, -3*d + 111 = p - 41. What is the hundreds digit of p?
1
Let x(o) = o**2 - 5*o - 7. Let r be 1 + 2 + (7 - 2). What is the tens digit of x(r)?
1
Suppose 13*d - 16*d = -48. What is the units digit of 1/(1 + (-15)/d)?
6
Let j = -10 + 3. Let q(t) = t**3 + 8*t**2 + 6*t - 5. What is the units digit of q(j)?
2
What is the tens digit of (-1)/(2/(-180)*2)?
4
Let a = 13 - 10. Suppose 5*n = 2 + a. What is the units digit of n?
1
Let y = 8 + -6. Suppose 5*d - y*g = -g + 36, 2*d = -2*g + 12. What is the units digit of d?
7
Suppose 5*t - h + 28 = 0, 0*h + h = -2*t - 14. Let f(y) be the third derivative of -y**5/60 - 3*y**4/8 - y**3/2 - 5*y**2. What is the tens digit of f(t)?
1
Let y(a) = -a + 6. Let k(u) = -u**3 + 6*u**2 + 6*u - 1. Let s be k(7). What is the units digit of y(s)?
4
Suppose 0 = -17*f + 20*f - 75. What is the units digit of f?
5
Suppose -y = -3*s + 3*y + 11, 0 = -3*s + 3*y + 12. Suppose 4*v - s = -3*g, -2*g - 9 = -3*v + g. Suppose 0 = x + x - v. What is the units digit of x?
1
Let f(u) = -u + 9. What is the tens digit of f(-15)?
2
Let l(h) = -4*h + 3. What is the units digit of l(-5)?
3
Let s(t) = 7*t - 1. Let l be s(1). What is the units digit of (-264)/(-27) - l/(-27)?
0
Suppose 5*n - 91 = -5*q - 11, 4*q + 5*n - 65 = 0. What is the units digit of q?
5
Let s(v) = 2*v - 6. Let h be s(3). Suppose h = -5*p + y + 122, 2*p - 3*p - 5*y + 40 = 0. What is the units digit of p?
5
Suppose -3*z + 4 = 2*k, 5*z - 4*k = 48 - 12. What is the units digit of z?
4
Suppose 0 = y + 4, -2*m - 2*m + 2*y + 380 = 0. What is the units digit of m?
3
Let p(a) = 2*a - 1. Suppose -3*s - 2 = -5*i - 4, 5 = -5*s. Let z be p(i). Let w = 8 + z. What is the units digit of w?
5
Suppose 29 = 2*v - 71. What is the tens digit of v?
5
Suppose -1 = j - 6. Suppose -q = j*k - 3, -2*q + 9 = 3*k - 11. Suppose 0 = -3*r - 4*s - q, -4 = 4*r + 4*s - 2*s. What is the units digit of r?
1
Suppose 8*b = 4*b + 132. Suppose -b = -10*n + 7*n. What is the tens digit of n?
1
Suppose -47 - 29 = -2*n. What is the tens digit of n?
3
Let g(z) = -3*z**2 - 3*z + 7. Suppose f + 1 = 5. Let t(p) = -p**2 - p + 2. Let h(c) = f*g(c) - 11*t(c). What is the units digit of h(0)?
6
Let h = -3 - 2. Let f = h + 15. What is the tens digit of f?
1
Suppose -9*y + 125 + 37 = 0. What is the units digit of y?
8
Let n(w) = -w**3 + 6*w**2 + 2. What is the units digit of n(6)?
2
Suppose 0*p = 7*p - 2233. What is the units digit of p?
9
Suppose 2*s = 4*s - 3*t - 435, 3*s = -4*t + 661. What is the tens digit of s?
1
Suppose 99 = 3*n - 0*n. What is the tens digit of n?
3
Let w(z) = -z**3 + 11*z**2 + 3*z - 8. Let u = -6 - -17. What is the tens digit of w(u)?
2
Suppose -y + 69 + 41 = p, 0 = 3*p - 3. What is the units digit of y?
9
What is the units digit of (66/(-55))/(4/(-30))?
9
Suppose r + 3 = 5. Suppose -2*m = -5*f + 143 + 56, -2*m = r*f - 74. What is the units digit of f?
9
What is the tens digit of ((-3)/9)/(6/(-2034))?
1
Let a(o) = o - 3. Let z be a(6). Suppose -14 = 4*x + 2*b, -17 = 2*x + 3*x + z*b. What is the units digit of 4 + 2/x*2?
3
Let f(c) = -1 - 4*c**3 - c - 2*c**2 + 1. Suppose 6*b - 2*b + 3*q = 2, 3*q - 8 = 2*b. What is the units digit of f(b)?
3
What is the tens digit of 2*31/2 - -6?
3
Suppose 0 = -0*f + 5*f + 80. Let k = 60 + -33. Let v = k + f. What is the units digit of v?
1
Suppose -5*w = -3*w - 6. Let m = 3 - w. Suppose 3*x + x - 24 = m. What is the units digit of x?
6
Suppose 4*o = 51 + 13. Suppose 3*c = j - 5 + o, -2*c + 4*j - 6 = 0. What is the units digit of c?
5
Let f be (-3 - -3) + (0 - -1). Suppose p + f + 1 = -j, -j - 11 = -2*p. Suppose -5*u + 5*h - 8 = -p*u, -3*h = -2*u. What is the units digit of u?
6
Suppose -1 - 1 = 4*b + 2*k, 0 = 5*b + 5*k + 10. Let v = 5 - b. Suppose 0 = 2*g + v - 20. What is the units digit of g?
8
What is the units digit of ((-40)/(-12))/((-2)/(-12))?
0
Let m(q) = 9*q**3 + q**2 + q - 3. What is the units digit of m(2)?
5
Suppose -449 = -4*i + 947. What is the hundreds digit of i?
3
Suppose 0*p - 2*p - 16 = 0. Let r(n) = -n + 5. Let x be r(-6). Let i = p + x. What is the units digit of i?
3
Suppose 4*r = -r. Suppose r = 5*m - m - 56. What is the tens digit of m?
1
Let k(g) = g**3 - 6*g**2 - 6*g - 7. Let z be k(7). Suppose z = 5*j - 5 - 20. What is the units digit of j?
5
Suppose 3*h = 4*t - 0*t + 18, -4*h = 3*t - 24. Suppose 3*g = 5*p + 37, 3*g - h*p = -11*p + 17. What is the units digit of g?
9
Let k = -192 + 295. What is the hundreds digit of k?
1
Let v(u) = -u**2 + u + 3. Suppose 3*l = -0*l. What is the units digit of v(l)?
3
Let s(g) = -g**2 + 13*g - 11. Let p be s(12). What is the tens digit of p*1*(16 + 0)?
1
Suppose -2*h + 15 = 3*a - 38, h + 78 = 4*a. What is the units digit of a?
9
Suppose -2*j - 1694 = -4*t, 2*t = 3*t + 2*j - 436. What is the tens digit of t?
2
Let p = 6 - -57. What is the tens digit of p?
6
Let u be (-5)/(-2)*(0 - -2). Let t(s) = 5*s - 2. What is the tens digit of t(u)?
2
Suppose -4*q + 5*q = 16. What is the units digit of q?
6
Let w = 76 - 44. What is the units digit of w?
2
Let v(b) = 36*b**2 - 2*b. Let p be v(-2). Let r = p + -106. What is the units digit of r?
2
Let r = 6 - 10. Let q(f) = f**3 + 5*f**2 + 2*f + 5. What is the tens digit of q(r)?
1
Suppose 74 = 2*n + s - 73, -2*n = -2*s - 138. What is the units digit of n?
2
Let n = 9 + -14. Suppose 4*g = -7 - 21. Let c = n - g. What is the units digit of c?
2
Let a(h) = h**2 - 15*h + 1. Let m be a(8). What is the units digit of (-10)/m - (-581)/11?
3
Let n be (-272)/(-12) + (-4)/6. Suppose 3*p - y = 42, -3*p = y - n - 26. What is the tens digit of p?
1
Let o(q) = q + 1. Let t be o(6). Let i = t + -2. Suppose i*n - n - 24 = 0. What is the units digit of n?
6
Suppose 222 = 5*n - 5*w + 22, -w = 5*n - 218. What is the units digit of n?
3
Let u be 472/(-5) - (-6)/15. What is the tens digit of u/(-6) + 2/6?
1
Let p(z) be the third derivative of -z**5/60 - 5*z**4/24 + 7*z**3/6 - 2*z**2. What is the units digit of p(-6)?
1
Let l(i) = -i**2 + 5*i - 2. Let j = -2 - -2. Let t(b) = b + 4. Let m be t(j). What is the units digit of l(m)?
2
Let q(p) = -p**2 + 12*p - 4. Suppose -121 = -4*r + 19. Suppose -3*m = 2*b - r, b - 3 + 2 = 0. What is the units digit of q(m)?
7
What is the units digit of 133/2 - 4/8?
6
Let x = 12 - -30. What is the units digit of x?
2
Suppose -57 = -2*z - 7. What is the units digit of z?
5
Let r(b) = -7*b. Let p = -1 + 0. What is the units digit of r(p)?
7
Let s(z) = -z**2 - 9*z + 13. What is the tens digit of s(-6)?
3
Let n(k) = k**3 - 7*k**2 - 9*k + 6. Let q(y) = 8*y**2 + y + 1. Let j be q(-1). Let l be n(j). What is the units digit of 18/3 - 1*l?
8
Let c = -20 - -22. What is the units digit of c?
2
Let k = -56 - -172. What is the hundreds digit of k?
1
Let r(n) = 7*n - 5. What is the tens digit of r(22)?
4
Let m(d) = d**2 - 14*d + 37. What is the tens digit of m(15)?
5
What is the hundreds digit of -3*(-6)/(-18) - -124?
1
Suppose -3*l = -27 + 117. Let t = -11 - l. Let o = -13 + t. What is the units digit of o?
6
Suppose 4*m = 5*m - 3. Suppose 2*j = -m*j + 15. Suppose 2*z - j*z = -3. What is the units digit of z?
3
Let f(k) = -k**3 + 6*k**2 + 9*k + 3. Suppose -25 = -5*l + 2*x, 6*l - 53 = 2*l - 5*x. What is the tens digit of f(l)?
1
Suppose 0 = 2*y - 5*h - 188, y - h = 42 + 46. What is the tens digit of y?
8
Let h = -4 + -13. Let n = -7 + h. What is the units digit of (-2)/8 + (-54)/n?
2
Let p(h) = -h**3 + h**2 + h + 17. Let d be p(0). Suppose -4*r + d = -3. Suppose 5*f - 6 = -2*x + f, -r*x + 39 = 2*f. What is the units digit of x?
9
Let u = -7 + 2. Let q = u - -7. What is the units digit of q?
2
Let d(u) = u**3 - 6*u**2 + 2*u - 7. Let f be d(6). Suppose f*l + 4*z - 66 = 0, -4*l + 38 = -4*z + 14. What is the tens digit of l?
1
Let u be (-3 - (-7)/2)*4. Let s = u - 1. What is the units digit of s?
1
Suppose 18 = -3*w - 0*w. Let r = -4 - w. Suppose -14 = -4*d + r. What is the units digit of d?
4
What is the tens digit of -2 - (-75 + (-4)/(-4))?
7
Let s = 78 + -30. What is the units digit of s?
8
Let c = -114 + 167. Suppose -u + c = 4*g, -u - 3*g = 4*u - 180. Suppose -2*k = k - u. What